i(n) = n**2 + 10*n. Suppose 5*m - 27 = s, 5*s = 3*m - 42 - 5. Let r be i(s). Let y = -12 - r. Is 9 a factor of y?
True
Let w be (-18)/(-4)*(7 + -3). Suppose -42 - w = -i. Does 20 divide i?
True
Suppose -621 = -5*b - j, -2*b - 3*b + 615 = -5*j. Is 31 a factor of b?
True
Suppose 4*q - 4*k - 42 = 2*q, -63 = -3*q - 2*k. Does 7 divide q?
True
Let n(y) = -3*y + 3. Let r be n(-7). Let i = r - 8. Is i a multiple of 16?
True
Suppose 6*s - 9*s = -630. Is 10 a factor of s?
True
Suppose 0*l = 2*l - 56. Does 6 divide l?
False
Suppose 12*f - 7*f - 190 = 0. Is f a multiple of 19?
True
Let t(v) = v**3 - 8*v**2 + 11*v - 8. Is t(7) a multiple of 10?
True
Let v(q) = -3*q + 3. Let a be v(3). Is 18 a factor of (-604)/(-12) + a/(-9)?
False
Let c be 26/10 - (-4)/10. Let x(n) = c*n - 9*n**3 + 0*n + 7*n**2 - 8 + 10*n**3. Is x(-6) a multiple of 7?
False
Let f(o) = 0*o + o**2 - o + 9 + 3. Is f(0) a multiple of 3?
True
Let o(t) = t**2 + 4*t - 2. Let s(q) = -q + 2. Let h be s(7). Let j be o(h). Is 15 a factor of j/3 + 30 + -1?
True
Is 38 a factor of ((-21)/(-7))/(6*2/304)?
True
Let t(p) = 4*p**2 - 3*p - 1. Is 12 a factor of t(-3)?
False
Let p be 2*(-6)/16*44. Let b = p + 57. Is b a multiple of 12?
True
Let y(h) = -13*h**2 - 3*h - 13. Let t(o) = 7*o**2 + 2*o + 6. Let u(g) = -11*t(g) - 6*y(g). Let l be u(8). Suppose 73 = 3*p - l. Is p a multiple of 14?
False
Let a(l) = l**2 + 11*l + 1. Let u be a(-12). Let z = u + 33. Is z a multiple of 23?
True
Let u(o) = -o**3 - 4*o**2 - 4*o - 4. Let r be u(-3). Is 8 a factor of 0/r - -1 - -7?
True
Let r = 111 + -54. Is r a multiple of 10?
False
Let w = -8 + 17. Does 2 divide w?
False
Let q(b) = -4*b - 1. Let f(m) = -m**2 + 7*m + 4. Suppose 0 = w - 8 - 0. Let d be f(w). Does 15 divide q(d)?
True
Let h(n) = -n**2 - 11*n - 1. Does 27 divide h(-4)?
True
Let i = 90 + -43. Let v = i - 33. Is v a multiple of 14?
True
Suppose 3*x + 595 = 4*x. Suppose -3*q = -c - x, 0*q + c = 4*q - 793. Suppose -4*p - 4*k + 168 = -0*p, k + q = 5*p. Is 14 a factor of p?
False
Let g be ((-3)/9)/(1/(-3)). Let h = 2 + g. Suppose -2*d = h*d + 10, -5*k + 23 = d. Is 5 a factor of k?
True
Let o = -45 - -85. Suppose 0 = j + j - o. Does 10 divide j?
True
Let w(s) = 8*s**3 - 3*s**2 + 1. Let q be w(2). Does 13 divide q - (0/(-4) + 1)?
True
Let l(w) = w**2 + 3*w + 4. Let n be l(3). Suppose -5*v + 7 - n = 0. Let d = 3 - v. Does 4 divide d?
False
Let q(k) = 2*k**2 + 12. Let o be q(0). Suppose m - 6*m = 3*h - 24, -3*m = 4*h - 32. Suppose 4*c + h = 0, 2*s + 0*s - o = -3*c. Does 9 divide s?
True
Is ((-2)/7)/(-1) + 561/21 a multiple of 3?
True
Suppose -2*g = 3*g - 750. Is g a multiple of 29?
False
Suppose 45 = -5*s + k, k + 18 = -2*s - 4*k. Suppose -5*o + 16 + 69 = 0. Let y = o + s. Does 8 divide y?
True
Let y(v) = v**3 + 5*v**2 + 3*v - 2. Let w be y(-4). Let b be w + 2 + (-4)/1. Suppose -3*i - 3 = b, 3*j + j = 2*i + 98. Is j a multiple of 21?
False
Let q = 1 - -1. Suppose 0 = f - 4, 2*u + f - 30 = -q*f. Is (-6)/9 + 177/u a multiple of 16?
False
Suppose 0 = 2*c - 6*c. Suppose -4*h + 6*h - 24 = c. Does 6 divide h?
True
Suppose -b = 3*b - 400. Is 10 a factor of b?
True
Suppose 5*x + 1 + 9 = 4*a, 0 = 2*a + 2*x - 14. Let y(d) = 3*d**2 - 7*d + 4. Does 11 divide y(a)?
True
Let x(m) = -18*m**3 - 2*m**2 - m + 2. Let u be x(1). Let j(z) = 27*z**2 - 2*z - 1. Let t be j(-1). Let n = u + t. Does 9 divide n?
True
Let s = 6 - 1. Suppose 36 = -3*w - 2*t + 100, -2*w + s*t + 68 = 0. Is 15 a factor of w?
False
Let r(x) = x**2 - 3*x + 6. Suppose -2 + 1 = -m, -29 = -4*i - 5*m. Is r(i) a multiple of 8?
True
Suppose -2*n - 4 = 0, 0*k - 5*k - 48 = -n. Let a = k - -13. Is a a multiple of 3?
True
Let o be -6*(3/(-9) - -1). Let l(u) = -u**2 - 2. Let m be l(o). Is 4 a factor of (-1)/2*m + -1?
True
Suppose 20 = -5*r, 5*l - r - 194 = 140. Is 33 a factor of l?
True
Let q(b) = -b**2 - 13*b - 7. Let s be q(-12). Suppose 4*h = 12, -1 = 3*m - 5*h + s. Is 3 a factor of m?
True
Suppose 6 = -3*m, 4*x - 8*m = -3*m + 30. Does 4 divide x?
False
Suppose g + 2*b + 1 = 0, 3*g - 5*g = 5*b + 3. Suppose 5*w = 4*j + 24, -j - g = -0. Suppose -w*y = -240 + 48. Does 20 divide y?
False
Let m(g) = 186*g**2 - 11*g - 6. Let t(u) = 37*u**2 - 2*u - 1. Let d(v) = -2*m(v) + 11*t(v). Let x be d(-1). Does 14 divide ((-10)/(-3))/(3/x)?
False
Let q = 0 - -2. Suppose -q*g - 20 = 3*g. Let h = 10 + g. Does 3 divide h?
True
Let j be (-2)/(-6) + (-79)/3. Let w = -6 - -8. Let h = w - j. Does 14 divide h?
True
Suppose b = 6*b + 10, -5*b = s + 1. Let t be 30/s - (-2)/(-6). Suppose o + 2*l - 20 = 0, o + t*l = -4*o + 100. Does 11 divide o?
False
Is 15 a factor of ((-5)/4)/((-3)/108)?
True
Is ((-36)/21 + (-2)/7)*-37 a multiple of 12?
False
Let c(l) = -14*l - 3. Let g be c(-8). Suppose -4*q - g = -5*v, 5*q = -4 - 1. Does 6 divide v?
False
Let v be (-1)/5 + 198/(-10). Let p be 0 - -2 - v/(-5). Is 2 a factor of -4*(15/(-6) - p)?
True
Suppose -3*h - 2*h - 15 = 0, -9 = -4*k - h. Suppose -7*y + 204 = -k*y. Is 17 a factor of y?
True
Let b = 69 - 28. Suppose 3*j - 19 - b = 0. Does 6 divide j?
False
Let n(s) = -7*s**3 - s**2 + 3*s + 3. Let i(w) = -w + 10. Let f be i(7). Suppose 0 = -f*o - 1 - 5. Is 20 a factor of n(o)?
False
Suppose 3*q = q + 10. Let t(o) = 3*o - 6. Let a be t(q). Suppose a = v - 0. Is 6 a factor of v?
False
Suppose 12 = 3*c + c. Does 2 divide c?
False
Let a = 74 - 52. Does 5 divide a?
False
Suppose -p + 192 = 7*p. Is p a multiple of 8?
True
Suppose 2*d - 2 + 14 = 0. Let a = -4 - d. Suppose -2*f = -8 - a. Is 5 a factor of f?
True
Does 13 divide 30/5*34/6?
False
Suppose -3*l + 4*s + 1517 = 0, l + 2*l - 1503 = -3*s. Suppose -59 = 6*m - l. Does 19 divide m?
False
Is 27 a factor of (-2 - -1)*-1 - 4 - -120?
False
Suppose 5*y = 2*m + 110, -2*y + y + 9 = -3*m. Is y a multiple of 8?
True
Is 9 a factor of -9 + 237 + 6/(-2)?
True
Let v = 26 - 29. Is 28 a factor of 21*(-4 + (-20)/v)?
True
Let z(u) = -u + 4. Let j be z(-4). Suppose 5*v + j = -2. Let i(f) = -20*f - 1. Is i(v) a multiple of 13?
True
Let a(f) = 71*f + 5. Let j be a(5). Suppose -4*h = -h - j. Suppose 3*q + 0*q - h = 0. Is q a multiple of 16?
False
Let r be (4/(-2) - 3)*-7. Does 12 divide (r/(-2))/(8/(-16))?
False
Suppose 0 = -4*c - 6 + 22. Let m(j) = 0 + c*j + 6*j + 2. Does 16 divide m(3)?
True
Let s(h) = -h + 5. Let d be s(5). Suppose 0 = n - 3*l - d*l, 2*l = 0. Suppose 0 = 5*o - n*o - 40. Is o a multiple of 4?
True
Let l = 16 - 11. Does 4 divide l?
False
Suppose -14*t = -5*t - 549. Is 8 a factor of t?
False
Suppose -b + l + 123 = 2*b, b = -5*l + 25. Let w = -21 + b. Does 10 divide w?
False
Let j = 15 + -11. Suppose -4*b - j*a = -212, 4*a = 2*b + b - 131. Does 13 divide b?
False
Let c(u) = -u**3 - 8*u**2 - 7*u - 1. Let s be c(-7). Let t = s - -5. Suppose 5*a + 64 = 5*d + 184, t*d = -2*a + 66. Does 16 divide a?
False
Let l = -17 + 40. Is 20 a factor of l?
False
Suppose 0 = 3*o, 3 = -r - o - 2. Let z = -26 + 16. Let n = r - z. Is n a multiple of 5?
True
Let h(n) = 2*n**2 - 11 + 3 - 10*n - 3*n**2. Does 16 divide h(-6)?
True
Suppose 0 = j - 3*t - 3 - 4, 3*j - 4*t = 11. Does 10 divide (30 - 0) + j + -1?
True
Does 6 divide (3 - 3)/(-4) - -57?
False
Suppose -4*g + 5*g - 3 = 0. Suppose 15 = 3*h, -6*y - 2*h + 175 = -g*y. Is y/10 + (-1)/2 a multiple of 2?
False
Let r = -16 - -28. Let x = r - -18. Is x a multiple of 10?
True
Let h(c) = 3*c**2 + 8. Let k(f) = f**2 + f + 1. Let u(q) = h(q) - 2*k(q). Is u(5) a multiple of 12?
False
Let o(g) = g**3 + 10*g**2 + 7*g - 6. Let d be o(-9). Let f = d + 10. Is f a multiple of 22?
True
Let p(z) = -z**2 - 6*z - 6. Let i be p(-5). Let b be 1 + -7 - (i + 0). Let c = b + 13. Does 8 divide c?
True
Suppose 0*u = -10*u + 4860. Is 18 a factor of u?
True
Suppose -2*j + 0*j + 70 = 0. Does 2 divide j?
False
Suppose 5*t + 4*c = 3*c + 14, 24 = 4*t + 4*c. Suppose t*l - 104 = -18. Does 16 divide l?
False
Let c be -3 - (-7 - (-1 + -1)). Let v(g) = 2*g + 3*g + 2*g**2 - 3 + 4*g**c + g**3. Is 9 a factor of v(-4)?
True
Suppose 2*c = -2*o - 81 + 269, 172 = 2*o - 2*c. Is o a multiple of 30?
True
Suppose -16*g + 11*g + 5 = 0. Let t = 3 - g. Is 2 a factor of t?
True
Is 2/(-9) + 220/18 a multiple of 9?
False
Let p(y) = y**3 + 5*y**2 - 2*y. Is 10 a factor of p(-5)?
True
Let p = 43 + 66. Is 25 a factor of p?
False
Let r = 2 - 1. Let x be 0 + r - 27/3. Is 3 a factor of x*(-2 + 1) - 2?
Tru